factor of 36 and 396.
36
What is the greatest common factor of 2540 and 40?
20
What is the greatest common divisor of 27 and 3?
3
What is the greatest common factor of 300 and 24?
12
Calculate the highest common divisor of 4 and 16.
4
Calculate the highest common divisor of 1820 and 390.
130
Calculate the greatest common divisor of 99 and 225.
9
What is the highest common factor of 6 and 51?
3
What is the highest common divisor of 95 and 1045?
95
Calculate the greatest common factor of 8381 and 87.
29
Calculate the greatest common factor of 4 and 692.
4
Calculate the greatest common factor of 969 and 76.
19
Calculate the highest common factor of 9 and 606.
3
Calculate the highest common divisor of 25 and 5.
5
What is the highest common factor of 306 and 117?
9
What is the highest common divisor of 378 and 1026?
54
Calculate the highest common factor of 119 and 136.
17
What is the highest common divisor of 2296 and 112?
56
Calculate the greatest common factor of 8 and 208.
8
Calculate the greatest common factor of 2 and 29.
1
Calculate the highest common divisor of 72 and 120.
24
Calculate the highest common factor of 528 and 48.
48
Calculate the greatest common divisor of 116 and 29.
29
Calculate the greatest common factor of 180 and 45.
45
Calculate the highest common divisor of 24 and 444.
12
What is the greatest common divisor of 71 and 4?
1
Calculate the greatest common factor of 512 and 80.
16
Calculate the highest common factor of 133 and 14.
7
Calculate the greatest common factor of 23 and 368.
23
What is the highest common factor of 426 and 96?
6
Calculate the highest common factor of 264 and 1308.
12
Calculate the greatest common divisor of 338 and 3211.
169
Calculate the greatest common factor of 22 and 1793.
11
Calculate the greatest common factor of 1100 and 44.
44
What is the highest common factor of 1044 and 100?
4
Calculate the highest common factor of 129 and 9.
3
What is the greatest common divisor of 230 and 20?
10
What is the highest common divisor of 729 and 81?
81
What is the highest common factor of 18157 and 67?
67
Calculate the greatest common factor of 12 and 444.
12
What is the greatest common divisor of 3 and 600?
3
What is the greatest common divisor of 2412 and 938?
134
Calculate the highest common divisor of 7 and 20132.
7
Calculate the greatest common divisor of 12 and 76440.
12
Calculate the greatest common factor of 7 and 175.
7
What is the highest common divisor of 186 and 434?
62
What is the greatest common factor of 473 and 86?
43
Calculate the highest common divisor of 8633 and 97.
97
Calculate the greatest common factor of 22 and 21934.
22
What is the greatest common divisor of 38 and 494?
38
What is the highest common divisor of 6 and 478?
2
Calculate the highest common divisor of 82 and 17179.
41
What is the highest common divisor of 12958 and 62?
62
Calculate the greatest common divisor of 27181 and 77.
77
Calculate the highest common divisor of 60 and 210.
30
Calculate the highest common factor of 28118 and 34.
34
Calculate the highest common divisor of 198 and 44.
22
Calculate the greatest common divisor of 13 and 3029.
13
Calculate the highest common divisor of 6 and 678.
6
What is the highest common factor of 464 and 48?
16
Calculate the greatest common factor of 18262 and 184.
46
Calculate the highest common factor of 232 and 8.
8
What is the highest common factor of 53 and 11?
1
What is the highest common factor of 476 and 136?
68
What is the highest common factor of 748 and 44?
44
Calculate the highest common divisor of 4336 and 32.
16
What is the highest common factor of 155 and 93?
31
What is the greatest common factor of 74 and 7955?
37
Calculate the greatest common divisor of 456 and 72.
24
What is the greatest common factor of 391 and 46?
23
What is the greatest common divisor of 319 and 33?
11
What is the greatest common factor of 140 and 175?
35
What is the highest common factor of 81 and 729?
81
Calculate the highest common factor of 5346 and 22.
22
Calculate the highest common divisor of 76 and 342.
38
What is the highest common factor of 29 and 11513?
29
What is the greatest common divisor of 68 and 156?
4
Calculate the greatest common factor of 3190 and 22.
22
Calculate the greatest common factor of 42 and 616.
14
Calculate the highest common divisor of 752 and 5076.
188
Calculate the greatest common divisor of 32 and 848.
16
Calculate the highest common divisor of 69 and 29877.
69
What is the greatest common divisor of 28677 and 711?
237
Calculate the greatest common factor of 4 and 40.
4
What is the highest common factor of 320 and 144?
16
Calculate the highest common divisor of 104 and 364.
52
Calculate the greatest common factor of 273 and 182.
91
Calculate the highest common divisor of 6 and 318.
6
Calculate the highest common divisor of 351 and 8541.
117
What is the highest common factor of 110 and 1342?
22
Calculate the highest common divisor of 13 and 1391.
13
Calculate the highest common factor of 39 and 1677.
39
What is the greatest common divisor of 976 and 1159?
61
What is the highest common divisor of 896 and 3968?
128
Calculate the highest common divisor of 99 and 27.
9
What is the highest common divisor of 35 and 63?
7
Calculate the greatest common divisor of 1496 and 88.
88
What is the highest common factor of 464 and 29?
29
What is the greatest common factor of 278 and 12649?
139
What is the greatest common divisor of 76 and 1292?
76
What is the greatest common factor of 104 and 156?
52
Calculate the highest common factor of 99 and 9.
9
Calculate the highest common divisor of 200 and 260.
20
What is the highest common factor of 3938 and 44?
22
What is the highest common factor of 2375 and 570?
95
What is the greatest common divisor of 6641 and 1374?
229
What is the highest common divisor of 63 and 27?
9
What is the highest common factor of 10 and 25?
5
Calculate the greatest common divisor of 1469 and 182.
13
Calculate the highest common factor of 459 and 54.
27
What is the greatest common factor of 106 and 2?
2
Calculate the greatest common factor of 1991 and 5249.
181
What is the highest common divisor of 6 and 4?
2
Calculate the greatest common divisor of 28 and 7.
7
What is the greatest common factor of 848 and 530?
106
What is the greatest common factor of 4332 and 72?
12
Calculate the greatest common divisor of 564 and 705.
141
Calculate the greatest common divisor of 1829 and 124.
31
What is the highest common divisor of 7 and 1631?
7
What is the highest common factor of 7259 and 1071?
119
Calculate the greatest common divisor of 6524 and 28.
28
Calculate the greatest common divisor of 1015 and 45.
5
What is the highest common factor of 108 and 105?
3
What is the greatest common factor of 9275 and 175?
175
What is the highest common factor of 923 and 13?
13
Calculate the highest common factor of 56 and 424.
8
What is the greatest common divisor of 182 and 2106?
26
Calculate the greatest common divisor of 108 and 297.
27
What is the greatest common divisor of 528 and 363?
33
Calculate the greatest common factor of 3979 and 23.
23
Calculate the highest common factor of 850 and 612.
34
Calculate the greatest common factor of 49 and 49.
49
What is the highest common divisor of 12 and 354?
6
What is the highest common divisor of 568 and 1775?
71
What is the greatest common factor of 1700 and 612?
68
What is the greatest common divisor of 70 and 3310?
10
Calculate the greatest common factor of 24 and 105.
3
Calculate the highest common factor of 15 and 305.
5
What is the highest common factor of 156 and 208?
52
Calculate the highest common divisor of 450 and 250.
50
What is the highest common divisor of 76 and 3002?
38
Calculate the greatest common factor of 4 and 166.
2
Calculate the greatest common divisor of 186 and 4526.
62
Calculate the greatest common divisor of 476 and 357.
119
What is the highest common factor of 3129 and 42?
21
Calculate the greatest common factor of 102 and 714.
102
What is the greatest common divisor of 2 and 2918?
2
Calculate the highest common divisor of 7579 and 286.
143
What is the highest common factor of 9 and 5769?
9
What is the greatest common factor of 2000 and 16?
16
What is the greatest common divisor of 1530 and 102?
102
Ca